1).
4
Suppose 6*j = j - 2*m + 17, -5 = -5*m. Let w(u) = -u**3 + 3*u**2 - u - 3. What is w(j)?
-6
Let o(u) = 124*u**2 - 1 + 4*u**3 - 67*u**2 - 58*u**2 + u. Determine o(1).
3
Let s(g) = g**3 - 2*g**2 - 2*g - 1. Let y be s(3). Let o(c) = 3*c**2 - 1. Give o(y).
11
Let p(c) be the first derivative of -2*c**3/3 + c**2 + 2*c - 1. Calculate p(-2).
-10
Let r(o) be the third derivative of o**4/12 + 2*o**3/3 - 11*o**2. Determine r(5).
14
Let x(w) = w**3 - 7*w**2 + 6*w - 7. Let k(f) be the third derivative of f**4/24 + 3*f**3/2 - f**2. Let r be k(-3). Calculate x(r).
-7
Let q = 8 + -4. Let l(s) = 4 + 2*s - 2 - 1 + 2. Calculate l(q).
11
Suppose 21 = -3*j + 6. Let z(g) be the first derivative of -g**2/2 + 7*g + 2. Determine z(j).
12
Let w(k) = 6*k**3 - k**2 - 3*k - 2. Let p be w(-1). Let v = -6 + 9. Let x(o) = -7 - v*o - 6*o + 5*o**2 + 3*o + o**3. Calculate x(p).
-7
Let n(c) be the first derivative of 3*c**2 - 3*c - 1/3*c**3 - 2. What is n(6)?
-3
Let a(q) = 8*q**2 + q. Suppose 5 = 4*b - 11. Let j = b + -5. Give a(j).
7
Let s(i) = i + 1. Suppose 9 = 2*b - 1. Determine s(b).
6
Let b(o) = -11*o - 3. Let h(a) = -22*a - 8. Let f(j) = 5*b(j) - 2*h(j). What is f(-1)?
12
Let z = -18 + 17. Let p(u) = 3*u + 4*u**2 - 3 - 4*u**2 + 6 - 4*u**2. Let b(n) = n**2 + n + 1. Let m(f) = 4*b(f) - p(f). Determine m(z).
8
Let s(m) = -m**2 - 8*m + 7. Let p(a) = 3*a**2 + 16*a - 14. Suppose -f - 11 = -3*v, 0 = 5*f + 5*v + 5 + 10. Let z(w) = f*s(w) - 2*p(w). Give z(5).
8
Let b(d) = 4 - 4*d**2 - 2 + 5*d**2 + 0*d**2. What is b(2)?
6
Let y(s) = -s**2 + 4*s + 5. Let z = -30 + 36. Give y(z).
-7
Let m(w) be the second derivative of 1/4*w**4 - 2/3*w**3 + w**2 + 0 + 2*w. Let x be 0 - (-2 + 0 - 0). What is m(x)?
6
Let b(a) = -4*a - 4 - 2*a + 2*a. Let i be (-63)/(-9)*(-3)/7. What is b(i)?
8
Let a(f) be the first derivative of -f**2/2 - f - 7. What is a(5)?
-6
Let m(z) = 7*z**2 + 11*z - 11. Let f(j) = -3*j**2 + 6 + 0 - j**2 - 6*j. Let h(a) = -5*f(a) - 3*m(a). Calculate h(-4).
-1
Let u(i) = 2*i**2 + i - 1. Let k be u(1). Let q(p) = -3 - p + k + 7*p. Determine q(1).
5
Let o be (1/3)/(2/12). Let y(f) = -5 + f**3 + 3*f**o - 3*f + f - f - f. Let l(g) = g**3 - 5*g**2 - 6*g - 4. Let d be l(6). Give y(d).
-5
Suppose 0 = 5*j + 2*w - 16, 3*j + 7 = -j + 5*w. Let u(t) be the first derivative of t - 9/2*t**j - 2. Determine u(-1).
10
Let p(u) = -u**2 - 4*u + 4. Let x be p(-4). Suppose -4 = -x*o + k, 4*o - 2*k - 3*k = 4. Let m(h) = 4*h**2 - o + 2*h - 3 + 3 + 0*h**2. Calculate m(1).
5
Let d(l) = -l**3 + l - 1. Let c be 132/21 - (-4)/(-14). Let m be (10/c + -2)*-12. Suppose -m*k = -2 - 2. What is d(k)?
-1
Suppose 3 - 8 = -5*z. Suppose -4*v = -3*a + z, -3*v - 5*a - 42 = -5. Let s(d) = -2*d - 4. Let m be s(v). Let t(j) = -j + 1. Give t(m).
-3
Let d(f) be the third derivative of -f**6/120 + f**5/12 - f**4/24 - f**3/6 - 6*f**2. Give d(5).
-6
Suppose 0 = -3*a - 6, 0*a - 4*a - 23 = -l. Let y = l + -10. Let g(m) = -m**2 + m - 1. Let b(k) = -7*k**2 + 11*k - 7. Let i(z) = b(z) - 6*g(z). Determine i(y).
-1
Let u(v) be the third derivative of v**4/12 - 5*v**3/6 + 3*v**2. What is u(6)?
7
Let k = 12 + 1. Let d = 18 - k. Let h(t) = -t**3 + 5*t**2 + t + 1. What is h(d)?
6
Suppose 5*s = 2*s + 12, 0 = 4*w - 5*s + 8. Let u(o) = 6*o**3 - 8*o**2 + 3*o - 6. Let y(b) = -b**3 + b**2 - b + 1. Let a(p) = u(p) + 5*y(p). Determine a(w).
-7
Let m(q) = q**3 + 6*q**2 - 7*q - 6. Suppose 2*w + 28 = -2*w. Calculate m(w).
-6
Let y(k) be the second derivative of k**5/20 - k**4/6 - k**3/3 - k. Let m = 11 + -8. Suppose -3 = m*v + 4*g, -5*v - 5*g + g + 3 = 0. Give y(v).
3
Let x(w) be the third derivative of -w**4/8 + 4*w**3/3 + 6*w**2. What is x(6)?
-10
Let c(j) = 6*j**3 - 2*j**2 + j. Let y be c(1). Suppose 43 = 2*s + y*x, 5*s - x - x = 35. Let n = s - 5. Let k(o) = -o**3 + 3*o**2 + 3*o - 5. Calculate k(n).
-9
Let a = -8/21 + 5/7. Let b(r) be the third derivative of 1/6*r**4 + 0*r + 0 - 2*r**2 + a*r**3 - 1/60*r**5. What is b(3)?
5
Suppose -3*l - 1 = -4. Let d(y) = -y**2 - 3*y + 3. Let i(u) = u**2 + u - 1. Let g(o) = d(o) + 4*i(o). Calculate g(l).
3
Suppose 0 = 3*l - 2*y - 20, -2*l - 6*y + 8 = -2*y. Let v(g) = -g**3 + 7*g**2 - 6*g + 2. Give v(l).
2
Let c(a) = -a - 3. Let u(q) = 2*q - 6. Let d be u(5). Suppose 0 = 2*b + 3*w - 10, d*b + w + w = 12. Let p be 2/b*(3 - 6). What is c(p)?
0
Let o(s) = -s**3 + 3*s**2 - 3*s + 3. Let k be o(2). Suppose -k = -5*f - 6. Let c(u) = 10*u**2 + u + 1. What is c(f)?
10
Let g(f) = -5*f - 5. Let o(s) = 25*s + 26. Let d(c) = 11*g(c) + 2*o(c). Let h = -13 + 16. Suppose -h*t = 9, 3*t + 7 = 4*w - 2*t. Determine d(w).
7
Suppose -4*r + 4 = -152. Suppose 3*s + r - 9 = 0. Let k be 15/s*(-8)/(-6). Let u(v) = -2*v**3 - 2*v**2 - 2. Give u(k).
6
Let y(x) = -x**3 + x**2. Let c(o) = -3*o**3 - 3*o**2 - 3*o + 1. Let s(d) = -c(d) + 2*y(d). Suppose -1 + 0 = -i. Let l = i + -4. Determine s(l).
8
Let b(g) = -g**3 - 4*g**2 + 7*g - 2. Let a = 8 + -6. Suppose a*c = 3*q + 2, -2*c - 3*c - 45 = 5*q. Determine b(c).
-12
Let p(o) = o**2 - o. Suppose -2*i - 1 = -3. Let d(a) = -3*a - 1. Let t(g) = i*d(g) - 5*p(g). Let h(l) = l**2. Let j(s) = -3*h(s) - t(s). Give j(1).
1
Let k(f) = -2*f - 1. Let d be k(2). Let g(j) be the third derivative of j**6/120 + j**5/10 + j**4/8 - 2*j**3/3 - j**2. Give g(d).
6
Let m = 73 + -73. Let b(a) = -2*a**2 + 3*a**2 + 11 - 2 + a. Determine b(m).
9
Let j(l) = 4*l**2 + 7*l + 3. Let y(w) = -w**2 + 6*w. Let d be y(5). Let s(n) = -7*n**2 - 13*n - 7. Let f = 30 - 27. Let g(b) = d*j(b) + f*s(b). Give g(-5).
-11
Let d(x) = x**3 - 3*x**2 - 2*x + 2. Let l = -38 - -36. Determine d(l).
-14
Let k be 30/(-4)*2/(-3). Let v = 9 + -8. Let t(j) = -7*j**2 - 2*j + 7. Let z(m) = m**2 + m - 1. Let s(l) = v*t(l) + 6*z(l). Determine s(k).
-4
Let q be (-8)/(-6) + (-2)/6. Let l(g) = 0 + 2 + 5*g + q - 2. Determine l(-1).
-4
Let h(r) be the second derivative of r**4/24 + 7*r**3/6 - 7*r**2/2 - 4*r. Let s(u) be the first derivative of h(u). Determine s(-4).
3
Suppose 6*y + 16 = 2*y + 2*v, -v - 13 = 5*y. Let j(t) = -3*t**3 + 3*t**2 - 4. Let g(l) = -4*l**3 + 3*l**2 + l - 4. Let r(w) = -4*g(w) + 5*j(w). Determine r(y).
8
Let y(j) = -j**3 - 8*j**2 + 5. Let w be y(-8). Suppose 0 = 2*d - w*d + 15. Let g(c) = 6*c**2 - c - 5*c**3 + 2 + 4*c**3 - 5*c. Calculate g(d).
-3
Let p(t) = -t**2 - 2*t + 1. Let m(s) = -s + 1. Let z be m(-1). Suppose k - z = -0*k. Calculate p(k).
-7
Let i(c) be the first derivative of -2*c**2 - 1. Suppose y + 3*y = 0. Let r be 1 + -3 + 3 - y. Determine i(r).
-4
Let b(x) = -5*x**3 - 3*x**2 - 2*x - 4. Let a(l) = -7*l**3 - 3*l**2 - 2*l - 5. Let s(v) = 2*a(v) - 3*b(v). Let d be (4 - (0 - -1))/(-1). Give s(d).
-4
Let j(v) = -3 - 1 + 5. Suppose -5*d + 2 = -3*d. Let n(l) = -l + 1. Let m(z) = d*j(z) - 3*n(z). Give m(2).
4
Let s(x) = -3*x**2 + 7*x - 5. Let v(b) = 2*b**2 - 6*b + 4. Let y(t) = -3*s(t) - 4*v(t). Determine y(2).
9
Let r(m) = -2*m**2 - 7*m - 3. Let t(q) = q**2 + 6*q + 2. Let s(z) = -2*r(z) - 3*t(z). Determine s(4).
0
Let g(h) be the second derivative of -h**3/6 + h**2/2 + h. Suppose 5 = p - 6*p. Let l be 0 - 0 - (p - -6). Calculate g(l).
6
Suppose -3*w + p + 28 = -1, 4*w = -2*p + 32. Suppose -w = -0*f - 2*f + 5*i, -4*f + 7 = i. Let s(t) = -3 + t**2 - 5*t + 8 + 0*t**f. Calculate s(5).
5
Suppose -270 = 37*z + 8*z. Let w(m) be the second derivative of m**3/6 + m**2/2 - m. What is w(z)?
-5
Let c(q) = q**3 - 5*q**2 - 4. Let l(k) = -k**3 - 9*k**2 - k - 13. Let h be l(-9). Let g be 1 - -1 - (h + 1). Determine c(g).
-4
Let z(q) = 11*q + 1. Let u(m) = m. Suppose -3*a - 2*a - 20 = 0. Let t(w) = a*u(w) + z(w). Determine t(-1).
-6
Let t = -2 - -14. Let p be ((-1)/(-2))/((-1)/t). Let f(z) = z**3 + 5*z**2 - 6*z - 4. Calculate f(p).
-4
Let w be 4/(1 + -2 - -3). Let x(n) = -w*n - 1 + 0*n + 3*n. Let p be (-2)/5 - 14/(-10). Calculate x(p).
0
Let b(h) be the second derivative of -h**6/360 + h**5/40 + h**4/8 + h**3/2 - 2*h. Let q(c) be the second derivative of b(c). Calculate q(-2).
-7
Let c(n) = 3*n**2 - n + 34*n**3 + 0*n - 33*n**3. Let d be ((-2)/(-6))/(3/9). Suppose -r - d - 2 = 0. Determine c(r).
3
Suppose -4 = 5*g - 7*g. Let y(x) be the first derivative of -1/2*x**2 - 2*x + 2. What is y(g)?
-4
Let l(r) be the first derivative of -r**2/2 - r - 3. Suppose -2*z - 3*z = -20. What is l(z)?
-5
Let i(v) = -v**2 + 2. Let c(x) = x - 9. Let k(u) = 1. Let